363
In base 7, what is -310643 - 4544?
-315520
In base 12, what is 75869 - 2b0?
75579
In base 4, what is -223122130233 + -1?
-223122130300
In base 10, what is 328 + -16206?
-15878
In base 6, what is -251235322 - -3?
-251235315
In base 15, what is -337d - 22c36?
-260b4
In base 16, what is 4781a - -9f?
478b9
In base 10, what is 5 + -1601897?
-1601892
In base 7, what is -2021 + -21662?
-24013
In base 5, what is -43011020 - 4333?
-43020403
In base 15, what is 519a764a - -2?
519a764c
In base 11, what is 38aa - -3519?
7318
In base 5, what is 14 - -442310212?
442310231
In base 6, what is -1442112 + 30?
-1442042
In base 2, what is 1010 - -11101111111101001111010?
11101111111101010000100
In base 9, what is -4404262 - 327?
-4404600
In base 11, what is 32 + -3290064?
-3290032
In base 9, what is -22828205 - 5?
-22828211
In base 15, what is 271b - -335?
2a51
In base 10, what is -11448 + -78?
-11526
In base 12, what is 6230a3 + 16?
6230b9
In base 8, what is -4621 - 7334?
-14155
In base 3, what is 121200100 + 1?
121200101
In base 2, what is -1010100010110011011111 - 101?
-1010100010110011100100
In base 15, what is 3a9 + 40b5?
446e
In base 15, what is -2c18d + 2dd?
-2bda0
In base 4, what is -230123120 - 1300213?
-232023333
In base 7, what is -246 - 1063353?
-1063632
In base 14, what is -280b995 - 14?
-280b9a9
In base 8, what is -652 - 40112?
-40764
In base 16, what is 24bfc0e + 2?
24bfc10
In base 10, what is -53888 + -3?
-53891
In base 2, what is -1111010101011110000000011100 + -10?
-1111010101011110000000011110
In base 6, what is 524053110 + 30?
524053140
In base 8, what is 211 - -175705?
176116
In base 3, what is -22 + -10021001211010?
-10021001211102
In base 15, what is -4 + -cd9764?
-cd9768
In base 13, what is -1b7 - -51c67?
51a80
In base 8, what is 3303246 + -5?
3303241
In base 14, what is -b8cb9 + -2a?
-b8d05
In base 10, what is 307644 - -2?
307646
In base 14, what is 4 - -3960295?
3960299
In base 6, what is -13205514515 + -3?
-13205514522
In base 6, what is 14230 - 22131405?
-22113135
In base 8, what is -34 - 1356?
-1412
In base 10, what is 11268 - -32320?
43588
In base 7, what is 12 + 1120513561?
1120513603
In base 2, what is 100001000111 + -11100000000111?
-10111111000000
In base 13, what is 877ac1c - 12?
877ac0a
In base 15, what is cb49 + 5d6?
d230
In base 4, what is 1220 - -1023110032?
1023111312
In base 13, what is 624 + 8540?
8b64
In base 9, what is -633 - 6516?
-7250
In base 11, what is 0 - -113527?
113527
In base 7, what is 26012 - 3553?
22126
In base 12, what is -a + 2517ba43?
2517ba35
In base 7, what is 342 - -16265316?
16265661
In base 15, what is -4 + 1c81640?
1c8163b
In base 2, what is 1100100011000110101100011 + 1?
1100100011000110101100100
In base 5, what is 1231213244 + -402?
1231212342
In base 6, what is 304425 - 2040?
302345
In base 10, what is 3 + 191785511?
191785514
In base 4, what is 102220 + -13011231?
-12303011
In base 6, what is 4 - 25354035040?
-25354035032
In base 8, what is -70 + -330237?
-330327
In base 8, what is -14533 + 6475?
-6036
In base 8, what is 402 + -666321?
-665717
In base 3, what is -11212011102121 + -11022?
-11212011120220
In base 8, what is 23365561 - -5?
23365566
In base 4, what is -11 - -1001331003?
1001330332
In base 10, what is -448 + -18395?
-18843
In base 12, what is 4 - 1519837?
-1519833
In base 6, what is 42451515 + -1121?
42450354
In base 16, what is 4 + -cfe06?
-cfe02
In base 9, what is 277783164 + 3?
277783167
In base 12, what is -2bb6 + 5578?
2582
In base 12, what is 1342 + 14118?
1545a
In base 2, what is 111101110100010011001 + -110?
111101110100010010011
In base 15, what is 5a05c50 + -1?
5a05c4e
In base 6, what is 141155533 - 2?
141155531
In base 3, what is 1121122212101 - 1002?
1121122211022
In base 15, what is 5 + 614b6?
614bb
In base 15, what is 219daee + 5?
219db04
In base 12, what is -3 - -2441738?
2441735
In base 13, what is 16 - -a908b?
a90a4
In base 9, what is 1 + -137575513?
-137575512
In base 2, what is -10110 - 1001110010111100?
-1001110011010010
In base 8, what is -30255 + 547?
-27506
In base 10, what is 20 + 1534361?
1534381
In base 10, what is 42 + 153355?
153397
In base 4, what is 1100302 - 331321?
102321
In base 14, what is 102 + 10796?
10898
In base 8, what is -3242476 + 13?
-3242463
In base 7, what is -4125361640 - -2?
-4125361635
In base 8, what is 233 + -43252?
-43017
In base 2, what is -1001000001111101 - 10001100111?
-1001010011100100
In base 15, what is -17d - 3152d?
-316ab
In base 15, what is 3624 + -1ac2?
1a52
In base 7, what is 14262036031 + 3?
14262036034
In base 15, what is a763c - -30?
a766c
In base 16, what is 1 + 2c991b?
2c991c
In base 16, what is -753e + f5?
-7449
In base 8, what is 22 + -2161617?
-2161575
In base 4, what is 13033 - 12130111?
-12111012
In base 16, what is 3 - -de340?
de343
In base 4, what is -2322002100 - -3?
-2322002031
In base 15, what is -20 + 7c58a?
7c56a
In base 12, what is -5 - -173477a?
1734775
In base 7, what is -4401142 + -2?
-4401144
In base 6, what is -2020 + 1115004?
1112544
In base 4, what is 2 + 11312033221?
11312033223
In base 6, what is -335203022 + -100?
-335203122
In base 4, what is -1112021111220201 - 0?
-1112021111220201
In base 3, what is -110111022100 - -1001001?
-110110021022
In base 11, what is -2860 + -20?
-2880
In base 8, what is -221322 - 4055?
-225377
In base 11, what is -27963a36 + 2?
-27963a34
In base 12, what is 20aa - 6557?
-4469
In base 5, what is -320011 - -230442?
-34014
In base 8, what is 1622626 - -5?
1622633
In base 10, what is 2011 - -6816?
8827
In base 12, what is -3 + 16749a59?
16749a56
In base 11, what is 7 + -112a534?
-112a528
In base 7, what is -113 - -1005325?
1005212
In base 11, what is -65 - -197396?
197331
In base 5, what is 10223204134 + -131?
10223204003
In base 12, what is a5b63 + 15a?
a6101
In base 12, what is 2 - 9ba902?
-9ba900
In base 4, what is 302223302233112 - 3?
302223302233103
In base 8, what is -21 + -65314?
-65335
In base 16, what is 3efb6 - 19?
3ef9d
In base 16, what is -85745ff - -1?
-85745fe
In base 13, what is -7001 - -1b9?
-6b15
In base 15, what is -5 - 143a5?
-143aa
In base 11, what is -7a35382a + -5?
-7a353834
In base 5, what is 40 - -30310014?
30310104
In base 16, what is 157f369 - -3?
157f36c
In base 13, what is -35c808 + -11c?
-35c927
In base 5, what is -33320 + 402001?
313131
In base 4, what is 12112 + -3220333102?
-3220320330
In base 13, what is 2 + -1184315?
-1184313
In base 3, what is -202100121100010221 - 2?
-202100121100011000
In base 7, what is -4646415 + 2?
-4646413
In base 14, what is 2ddc54 - 50?
2ddc04
In base 2, what is -11010001010111010001110100011 - -100?
-11010001010111010001110011111
In base 9, what is -5104 + -4107?
-10212
In base 8, what is -10675320 + -5?
-10675325
In base 6, what is -2133 + -225121?
-231254
In base 11, what is -1063a9 - -70a?
-10579a
In base 9, what is -48256523 + 0?
-48256523
In base 16, what is 1a6cea8 - -2?
1a6ceaa
In base 6, what is -11434504 + 43?
-11434421
In base 2, what is 1100100000101110111 + -100?
1100100000101110011
In base 13, what is -7 - -2382723?
2382719
In base 13, what is -433375 - -10?
-433365
In base 5, what is -1 + 20424404342?
20424404341
In base 10, what is 40149 + 2971?
43120
In base 12, what is -10b3b84 - 5?
-10b3b89
In base 2, what is -1010101111 + 10110100011?
1011110100
In base 16, what is 5 - 1dc93b8?
-1dc93b3
In base 14, what is 8135c + -959?
80803
In base 5, what is 2021120 + 213323?
2234443
In base 8, what is -27011305 + 4?
-27011301
In base 9, what is -2684 + -171705?
-174500
In base 10, what is -2648 - -53935?
51287
In base 15, what is 1 + 1a6e8dd?
1a6e8de
In base 2, what is 101101000010101 - 1110100011?
101011001110010
In base 8, what is -131 - 161500?
-161631
In base 2, what is -10 + 10001101100110001111000?
10001101100110001110110
In base 4, what is -332122333 + 10102?
-332112231
In base 5, what is -22444422022 + -4?
-22444422031
In base 8, what is -156653 - 1435?
-160310
In base 13, what is -19c50c38 - 1?
-19c50c39
In base 5, what is -1401 + -4100?
-11001
In base 8, what is 3060 + -4603?
-1523
In base 14, what is 55b - 2b76?
-2619
In base 3, what is 12 + 2121222210201000?
2121222210201012
In base 8, what is -23 + 315345?
315322
In base 2, what is -100010 + 110110110001010110?
110110110000110100
In 